(base 11) to base 14
-576
What is -23154 (base 7) in base 8?
-13437
Convert -a040 (base 14) to base 2.
-110101101101000
What is 1160 (base 7) in base 2?
110110010
What is -25112 (base 7) in base 15?
-1e35
-20320 (base 4) to base 12
-3b4
What is -221023 (base 6) in base 4?
-10133013
-10c4 (base 13) to base 7
-6605
122e3 (base 16) to base 15
170e7
Convert 32c (base 13) to base 9.
665
-39 (base 11) to base 4
-222
Convert 1a6 (base 13) to base 3.
102022
Convert 10010001 (base 3) to base 8.
4335
123041 (base 5) to base 10
4771
-32203 (base 4) to base 3
-1021111
Convert -3510 (base 7) to base 4.
-110001
Convert 5235 (base 6) to base 13.
6c5
What is 59 (base 16) in base 14?
65
What is 210102011 (base 3) in base 5?
444420
Convert -100111011 (base 2) to base 3.
-102200
Convert -265153 (base 7) to base 5.
-3043242
Convert 212 (base 7) to base 9.
128
What is -541 (base 10) in base 14?
-2a9
What is -11122211 (base 3) in base 7?
-12622
-9261 (base 10) to base 8
-22055
What is 11040 (base 10) in base 8?
25440
What is 3134 (base 10) in base 12?
1992
120201 (base 6) to base 15
3161
What is 14123 (base 5) in base 14?
5d1
Convert 1000211201 (base 3) to base 11.
14281
What is -16204 (base 7) in base 14?
-193b
Convert 443 (base 9) to base 15.
193
What is -1364 (base 7) in base 3?
-201212
What is -401 (base 14) in base 5?
-11120
What is -10ac (base 13) in base 11?
-1837
-2507 (base 11) to base 5
-101044
What is 449 (base 15) in base 8?
1711
660 (base 11) to base 15
37c
Convert -53a0 (base 12) to base 7.
-35541
Convert -13403 (base 9) to base 14.
-3443
What is -111202220 (base 3) in base 2?
-10011100111001
What is -33121 (base 4) in base 16?
-3d9
26417 (base 11) to base 6
450510
Convert -603 (base 7) to base 15.
-14c
Convert -62747 (base 8) to base 6.
-320435
What is 3d6 (base 16) in base 15?
457
Convert -41113 (base 5) to base 10.
-2658
What is -1bd6 (base 16) in base 4?
-1233112
-1102 (base 4) to base 10
-82
Convert -3137 (base 8) to base 14.
-847
What is -20530 (base 6) in base 5?
-42130
What is 560 (base 12) in base 14?
408
-2150 (base 8) to base 6
-5120
Convert -94 (base 11) to base 13.
-7c
Convert 55308 (base 10) to base 5.
3232213
What is -33003 (base 7) in base 2?
-10000000101011
Convert 2423 (base 9) to base 4.
130023
Convert -61431 (base 7) to base 5.
-434332
Convert 311 (base 8) to base 11.
173
-5528 (base 10) to base 2
-1010110011000
Convert 677 (base 12) to base 7.
2533
What is 403 (base 10) in base 9?
487
Convert -30344 (base 6) to base 8.
-7670
-205 (base 13) to base 8
-527
-11132 (base 11) to base 8
-37400
-6d2 (base 15) to base 6
-11055
-420513 (base 6) to base 8
-102135
What is -705 (base 10) in base 12?
-4a9
130 (base 5) to base 11
37
What is -6519 (base 16) in base 6?
-315453
Convert 221021 (base 3) to base 15.
307
What is -c64 (base 16) in base 12?
-1a04
Convert 24 (base 9) to base 5.
42
1413 (base 10) to base 4
112011
What is -547 (base 8) in base 2?
-101100111
What is a38 (base 11) in base 8?
2343
c8d (base 14) to base 5
34402
Convert -234 (base 10) to base 6.
-1030
Convert -243 (base 15) to base 14.
-289
Convert -10112212 (base 3) to base 14.
-d2c
9b8 (base 15) to base 11
1719
Convert -55460 (base 9) to base 15.
-ada3
110100210 (base 3) to base 12
5270
Convert -54681 (base 9) to base 4.
-20312320
What is 21 (base 4) in base 9?
10
Convert -143b3 (base 12) to base 16.
-6e37
3522 (base 6) to base 3
1011012
-244334 (base 6) to base 5
-1143410
-328 (base 15) to base 11
-599
Convert -2124 (base 6) to base 16.
-1e4
Convert 1853 (base 9) to base 14.
73b
29d1 (base 15) to base 14
33ab
-2200120201 (base 3) to base 14
-153d6
Convert -11110222110 (base 3) to base 5.
-10310234
Convert 9c1 (base 15) to base 5.
32311
What is 51a4 (base 12) in base 16?
22cc
-20 (base 12) to base 6
-40
What is -17925 (base 12) in base 11?
-23732
Convert -35211 (base 9) to base 6.
-300444
Convert 100001011101100 (base 2) to base 12.
9ab8
Convert -11ba (base 15) to base 10.
-3775
Convert -210221 (base 6) to base 5.
-1020213
Convert -20020 (base 4) to base 10.
-520
Convert -224 (base 9) to base 8.
-270
-3012 (base 5) to base 9
-464
Convert -121c1 (base 14) to base 6.
-540541
-67b (base 14) to base 2
-10100000101
501 (base 9) to base 14
210
-20104 (base 5) to base 12
-8a7
Convert 25311 (base 8) to base 10.
10953
-1101110212 (base 3) to base 8
-65270
10110011 (base 2) to base 14
cb
-32230 (base 4) to base 2
-1110101100
What is -2101122 (base 3) in base 15?
-7b5
What is 4354 (base 6) in base 5?
13011
-21e (base 16) to base 12
-392
What is 100000111 (base 2) in base 5?
2023
What is 2000 (base 8) in base 6?
4424
12213 (base 4) to base 14
223
Convert -2311201 (base 4) to base 3.
-120221021
What is 2210223 (base 4) in base 8?
24453
-1100110110001 (base 2) to base 13
-2cbc
What is 6676 (base 8) in base 15?
1098
Convert -10210202 (base 3) to base 15.
-c4e
Convert 110010 (base 3) to base 12.
233
Convert -a0aa (base 14) to base 9.
-41755
What is -145 (base 11) in base 7?
-332
Convert 101016 (base 7) to base 2.
100001100001011
What is -120 (base 15) in base 9?
-313
Convert 100000000001101 (base 2) to base 12.
95a5
Convert -177 (base 8) to base 11.
-106
What is 1dd9 (base 14) in base 9?
7462
What is -1170 (base 10) in base 13?
-6c0
What is 4740 (base 11) in base 15?
1c95
Convert 53320 (base 7) to base 16.
338b
What is -14002 (base 6) in base 4?
-201302
What is -551 (base 13) in base 16?
-38f
What is -111010000011 (base 2) in base 14?
-14d5
4a8 (base 16) to base 2
10010101000
1022221 (base 3) to base 9
1287
Convert -2b9a7 (base 12) to base 15.
-1351d
What is -1c41 (base 15) in base 16?
-17f8
What is -120001021 (base 3) in base 8?
-25331
342a (base 12) to base 13
2839
Convert -10000211 (base 4) to base 11.
-11379
What is 33424 (base 9) in base 10?
22216
What is -13302320 (base 4) in base 11?
-21a96
Convert 253 (base 9) to base 6.
550
Convert 1231001 (base 4) to base 8.
15501
2033 (base 6) to base 7
1215
1100002212 (base 3) to base 15
7beb
What is 6c78 (base 16) in base 10?
27768
What is -2193 (base 10) in base 12?
-1329
Convert 124000 (base 6) to base 2.
10101111100000
800 (base 12) to base 8
2200
1011101 (base 3) to base 4
31033
Convert 404412 (base 5) to base 14.
4ac3
Convert -14bb (base 12) to base 16.
-98f
Convert -30312 (base 6) to base 9.
-5438
Convert 15322 (base 6) to base 16.
9c2
What is -775 (base 13) in base 9?
-1671
What is 2a5c (base 13) in base 5?
144121
Convert 28251 (base 10) to base 7.
145236
Convert 815 (base 11) to base 4.
33120
-1121 (base 6) to base 12
-1a1
Convert -13489 (base 10) to base 7.
-54220
Convert 186 (base 11) to base 13.
137
What is -2002 (base 15) in base 10?
-6752
646 (base 12) to base 3
1021000
What is c6 (base 16) in base 2?
11000110
What is -30275 (base 9) in base 6?
-232105
556 (base 7) to base 2
100011110
763 (base 9) to base 14
328
-117a6 (base 11) to base 16
-4227
10111011010 (base 2) to base 6
10534
Convert 104660 (base 8) to base 9.
53314
800 (base 13) to base 2
10101001000
What is 5061 (base 11) in base 12?
3a82
-4240 (base 5) to base 9
-703
-5a6 (base 13) to base 15
-456
What is -ba08 (base 13) in base 10?
-25865
What is -117160 (base 8) in base 11?
-28523
What is 21 (base 8) in base 10?
17
What is -225540 (base 7) in base 3?
-2001102110
-3a (base 11) to base 16
-2b
Convert -61075 (base 8) to base 2.
-110001000111101
Convert -1201122220 (base 3) to base 8.
-102341
-521 (base 16) to base 12
-915
Convert -1121 (base 9) to base 7.
-2263
What is 3218 (base 11) in base 15?
13d9
What is 112121 (base 4) in base 7?
4115
Convert -a08 (base 12) to base 13.
-875
33 (base 8) to base 13
21
Convert -647 (base 13) to base 12.
-755
Convert 1276 (base 13) to base 8.
5110
What is 121012 (base 8) in base 2?
1010001000001010
Convert 7d1 (base 16) to base 12.
11a9
What is -311013 (base 5) in base 2?
-10011110010101
Convert -1504 (base 11) to base 3.
-2122212
What is -2400 (base 8) in base 13?
-776
Convert 226 (base 15) to base 9.
600
What is 1200120 (base 3) in base 5?
14410
-13005 (base 10) to base 9
-18750
What is -1048 (base 9) in base 14?
-3d3
387a (base 11) to base 6
35212
Convert 6b96 (base 12) to base 13.
5652
-2157 (base 9) to base 5
-22331
Convert 22113 (base 6) to base 9.
4180
Convert 10011001111110 (base 2) to base 16.
267e
What is 100011001 (base 2) i